ors of 9158892.
2, 3, 643, 1187
What are the prime factors of 1156466?
2, 73, 89
What are the prime factors of 50651?
50651
List the prime factors of 968547.
3, 322849
List the prime factors of 3187694.
2, 1593847
List the prime factors of 6033141.
3, 670349
What are the prime factors of 19922496?
2, 3, 11, 9433
List the prime factors of 6850463.
6850463
List the prime factors of 7914797.
11, 83, 8669
What are the prime factors of 1238535?
3, 5, 17, 1619
What are the prime factors of 1393725?
3, 5, 18583
What are the prime factors of 4485598?
2, 13, 23, 577
What are the prime factors of 8177452?
2, 2044363
What are the prime factors of 7662775?
5, 306511
What are the prime factors of 334501?
167, 2003
List the prime factors of 237300.
2, 3, 5, 7, 113
List the prime factors of 1151329.
29, 37
List the prime factors of 703588.
2, 175897
List the prime factors of 254959.
254959
List the prime factors of 2284324.
2, 7, 17, 4799
List the prime factors of 51882.
2, 3, 8647
What are the prime factors of 2003928?
2, 3, 83497
What are the prime factors of 224707?
7, 47, 683
What are the prime factors of 1519329?
3, 7, 71, 1019
List the prime factors of 11613500.
2, 5, 23227
What are the prime factors of 1222032?
2, 3, 7, 3637
What are the prime factors of 6238648?
2, 13, 223, 269
List the prime factors of 818999.
818999
What are the prime factors of 74518?
2, 19, 37, 53
List the prime factors of 16793758.
2, 19, 47, 9403
List the prime factors of 715259.
715259
List the prime factors of 28581.
3, 7, 1361
What are the prime factors of 41268?
2, 3, 19, 181
What are the prime factors of 9848169?
3, 364747
List the prime factors of 330647.
71, 4657
List the prime factors of 3481230.
2, 3, 5, 116041
List the prime factors of 355135.
5, 11, 587
What are the prime factors of 7715378?
2, 11, 350699
List the prime factors of 3898937.
7, 23, 61, 397
List the prime factors of 4216650.
2, 3, 5, 28111
What are the prime factors of 395056?
2, 24691
What are the prime factors of 662438?
2, 7, 47317
What are the prime factors of 1025211?
3, 11, 47, 661
What are the prime factors of 4782683?
4782683
What are the prime factors of 229355?
5, 7, 6553
What are the prime factors of 13383210?
2, 3, 5, 29, 15383
What are the prime factors of 7857257?
659, 11923
List the prime factors of 296365.
5, 59273
List the prime factors of 3607149.
3, 7, 13, 73, 181
List the prime factors of 247210.
2, 5, 59, 419
What are the prime factors of 3042317?
3042317
List the prime factors of 18684.
2, 3, 173
What are the prime factors of 563824?
2, 131, 269
List the prime factors of 3730726.
2, 19, 31, 3167
List the prime factors of 330036.
2, 3, 7, 3929
List the prime factors of 236097.
3, 37, 709
What are the prime factors of 13148212?
2, 7, 11, 42689
What are the prime factors of 1541003?
1541003
List the prime factors of 393656.
2, 49207
What are the prime factors of 490614?
2, 3, 81769
List the prime factors of 953031.
3, 491, 647
What are the prime factors of 5773676?
2, 17, 197, 431
List the prime factors of 432885.
3, 5, 28859
List the prime factors of 1419777.
3, 73, 2161
What are the prime factors of 108879?
3, 36293
What are the prime factors of 30792?
2, 3, 1283
What are the prime factors of 90852?
2, 3, 67, 113
What are the prime factors of 39669?
3, 7, 1889
What are the prime factors of 12618370?
2, 5, 1261837
What are the prime factors of 86101?
29, 2969
What are the prime factors of 515314?
2, 257657
List the prime factors of 7237220.
2, 5, 73, 4957
What are the prime factors of 2067179?
41, 127, 397
List the prime factors of 1467155.
5, 293431
List the prime factors of 10361425.
5, 414457
List the prime factors of 943539.
3, 314513
What are the prime factors of 186006?
2, 3, 29, 1069
What are the prime factors of 198788?
2, 49697
What are the prime factors of 9906522?
2, 3, 61, 27067
What are the prime factors of 14526394?
2, 7263197
List the prime factors of 1228814.
2, 229, 2683
What are the prime factors of 1431112?
2, 178889
What are the prime factors of 56970?
2, 3, 5, 211
What are the prime factors of 5268?
2, 3, 439
List the prime factors of 117727.
117727
List the prime factors of 5590158.
2, 3, 7, 167, 797
What are the prime factors of 149370?
2, 3, 5, 13, 383
What are the prime factors of 3413133?
3, 61, 6217
What are the prime factors of 229451?
59, 3889
List the prime factors of 1434.
2, 3, 239
What are the prime factors of 1026229?
1026229
What are the prime factors of 2169057?
3, 11, 65729
What are the prime factors of 1280744?
2, 160093
What are the prime factors of 227556?
2, 3, 7, 43
List the prime factors of 2674588.
2, 7, 59, 1619
What are the prime factors of 697775?
5, 13, 19, 113
List the prime factors of 112292.
2, 67, 419
What are the prime factors of 70818?
2, 3, 11, 29, 37
What are the prime factors of 12229309?
67, 349, 523
List the prime factors of 304719.
3, 101573
What are the prime factors of 2825245?
5, 565049
List the prime factors of 1993734.
2, 3, 31, 397
List the prime factors of 8036423.
349, 23027
What are the prime factors of 21401267?
1289, 16603
What are the prime factors of 603445?
5, 120689
What are the prime factors of 1244662?
2, 622331
List the prime factors of 8446546.
2, 181, 23333
List the prime factors of 95705.
5, 19141
List the prime factors of 3766548.
2, 3, 313879
What are the prime factors of 11564485?
5, 2312897
List the prime factors of 5878.
2, 2939
List the prime factors of 1410387.
3, 11, 79, 541
List the prime factors of 3122070.
2, 3, 5, 7, 14867
List the prime factors of 460531.
460531
What are the prime factors of 785032?
2, 98129
What are the prime factors of 384068?
2, 96017
List the prime factors of 4225915.
5, 845183
What are the prime factors of 2859?
3, 953
List the prime factors of 1103370.
2, 3, 5, 36779
List the prime factors of 379379.
7, 11, 13, 379
List the prime factors of 1212911.
7, 173273
List the prime factors of 194968.
2, 24371
List the prime factors of 247656.
2, 3, 17, 607
List the prime factors of 11028707.
23, 479509
List the prime factors of 8967916.
2, 1453, 1543
List the prime factors of 6578077.
11, 598007
What are the prime factors of 421937?
61, 6917
What are the prime factors of 19817?
7, 19, 149
What are the prime factors of 187815?
3, 5, 19, 659
List the prime factors of 16521215.
5, 3304243
List the prime factors of 474805.
5, 94961
What are the prime factors of 97132?
2, 7, 3469
What are the prime factors of 23289151?
1901, 12251
What are the prime factors of 13729589?
127, 108107
List the prime factors of 146189.
29, 71
List the prime factors of 656582.
2, 328291
List the prime factors of 2608912.
2, 41, 97
What are the prime factors of 12531246?
2, 3, 7, 13, 59, 389
What are the prime factors of 342757?
342757
What are the prime factors of 2000677?
7, 41, 6971
List the prime factors of 175318.
2, 11, 13, 613
List the prime factors of 277382.
2, 7, 19813
List the prime factors of 1156176.
2, 3, 7, 31, 37
What are the prime factors of 650828?
2, 17, 563
List the prime factors of 1159356.
2, 3, 11, 8783
What are the prime factors of 314390?
2, 5, 149, 211
What are the prime factors of 931665?
3, 5, 7, 19, 467
List the prime factors of 11560684.
2, 47, 61493
List the prime factors of 21674440.
2, 5, 19, 79
List the prime factors of 129158.
2, 64579
List the prime factors of 1745148.
2, 3, 23, 6323
List the prime factors of 104315.
5, 31, 673
What are the prime factors of 1310185?
5, 67, 3911
What are the prime factors of 501576?
2, 3, 20899
List the prime factors of 2847197.
2847197
List the prime factors of 15274997.
727, 21011
List the prime factors of 102135.
3, 5, 11, 619
List the prime factors of 1280916.
2, 3, 7, 13, 17, 23
List the prime factors of 11332074.
2, 3, 13, 145283
What are the prime factors of 168600?
2, 3, 5, 281
List the prime factors of 10787512.
2, 89, 109, 139
List the prime factors of 373128.
2, 3, 7, 2221
What are the prime factors of 909045?
3, 5, 20201
What are the prime factors of 3006491?
23, 67, 1951
What are the prime factors of 3478503?
3, 7, 71, 2333
What are the prime factors of 1404833?
1404833
List the prime factors of 227116.
2, 56779
List the prime factors of 173375.
5, 19, 73
List the prime factors of 4584058.
2, 43, 151, 353
What are the 